322 and 801.
89
Calculate the greatest common divisor of 14 and 81032602.
14
Calculate the highest common divisor of 125424 and 1737528.
312
Calculate the highest common factor of 247 and 26536236.
19
Calculate the greatest common divisor of 41607 and 115920.
207
What is the greatest common factor of 32 and 1586658?
2
Calculate the greatest common factor of 938241 and 210084.
183
Calculate the highest common divisor of 2406304 and 992.
32
Calculate the greatest common divisor of 297245 and 145260.
1345
Calculate the greatest common divisor of 820 and 167895410.
410
Calculate the highest common factor of 3736 and 13323043.
467
What is the highest common factor of 464760 and 252?
36
What is the highest common divisor of 542804219 and 2069?
2069
Calculate the greatest common divisor of 217470 and 29040.
330
What is the greatest common factor of 495634009 and 257?
257
What is the greatest common factor of 279 and 1692693?
279
Calculate the highest common divisor of 604581 and 1316433.
411
What is the highest common factor of 19297613 and 7111?
547
Calculate the greatest common divisor of 333 and 748793087.
37
What is the greatest common divisor of 2077294 and 1098?
122
Calculate the greatest common factor of 276747 and 3422.
29
Calculate the greatest common divisor of 4190 and 63480595.
2095
What is the highest common divisor of 25138277 and 6567?
199
Calculate the greatest common divisor of 1062495 and 2555.
35
What is the highest common factor of 68758451 and 1201?
1201
Calculate the greatest common divisor of 470 and 10467135.
235
Calculate the greatest common divisor of 1 and 20327939.
1
What is the highest common divisor of 3 and 2126694?
3
What is the greatest common factor of 612 and 3852?
36
What is the greatest common factor of 103419060 and 165?
15
What is the greatest common divisor of 9 and 41537061?
9
Calculate the highest common divisor of 71698190 and 130.
10
What is the greatest common divisor of 3611634 and 13338?
1482
What is the highest common factor of 1242 and 1998378?
1242
What is the greatest common divisor of 126509 and 7957?
73
Calculate the highest common divisor of 34371 and 26757.
27
Calculate the highest common divisor of 9385134 and 44.
22
Calculate the greatest common divisor of 104 and 2452616.
8
Calculate the greatest common divisor of 295658335 and 1827.
203
Calculate the highest common divisor of 7516 and 18575794.
3758
Calculate the highest common divisor of 4111856 and 308.
28
Calculate the greatest common divisor of 1382342 and 7403.
673
Calculate the greatest common divisor of 78140550 and 1125.
75
What is the greatest common factor of 4702148 and 352?
44
What is the greatest common divisor of 258266340 and 108?
108
What is the greatest common divisor of 107450 and 597422?
4298
Calculate the greatest common factor of 26381 and 10141367.
851
Calculate the highest common divisor of 192214 and 28413.
11
Calculate the highest common factor of 1856584 and 136.
8
What is the greatest common factor of 19675004 and 14174?
746
Calculate the greatest common factor of 112083012 and 1476.
1476
Calculate the greatest common divisor of 6322914 and 585.
117
Calculate the greatest common divisor of 65009976 and 31.
31
Calculate the greatest common divisor of 43 and 16868083.
43
What is the greatest common factor of 12075234 and 724?
362
Calculate the highest common factor of 447741740 and 3730.
3730
Calculate the highest common factor of 1590287864 and 176.
88
What is the highest common divisor of 524137662 and 115?
23
Calculate the highest common factor of 119709968 and 336.
112
What is the greatest common divisor of 4657089 and 188?
47
What is the highest common divisor of 3723 and 6231426?
219
What is the greatest common factor of 409 and 1367?
1
Calculate the highest common factor of 2676 and 544117101.
669
What is the greatest common divisor of 282 and 21719268?
6
What is the greatest common factor of 1107 and 17271783?
369
What is the greatest common divisor of 1728 and 16789888?
64
Calculate the greatest common divisor of 1868575 and 40175.
25
What is the greatest common divisor of 110532 and 549942?
906
Calculate the highest common factor of 144640 and 16384.
256
Calculate the greatest common factor of 377811192 and 376.
376
Calculate the greatest common factor of 2913763 and 6751.
157
What is the greatest common factor of 202 and 25827013?
101
Calculate the highest common divisor of 638693 and 781.
11
What is the highest common divisor of 77637595 and 63665?
3745
What is the greatest common factor of 96954 and 106986?
66
What is the greatest common factor of 5970645 and 3525?
705
Calculate the greatest common factor of 1001 and 175043.
11
What is the highest common factor of 900 and 33082020?
180
What is the greatest common divisor of 516150000 and 1480?
1480
What is the highest common divisor of 281500092 and 108?
36
What is the highest common divisor of 72996 and 5750094?
3318
What is the highest common factor of 272285784 and 12?
12
Calculate the greatest common divisor of 608 and 20520.
152
Calculate the greatest common divisor of 156 and 23376372.
12
What is the highest common factor of 23149991 and 4388?
1097
What is the highest common divisor of 413342 and 78754?
466
Calculate the greatest common factor of 24420 and 19300310.
370
Calculate the highest common divisor of 1910664 and 19856.
136
What is the highest common divisor of 10828 and 187048286?
5414
Calculate the highest common divisor of 8071136 and 1120.
32
Calculate the highest common divisor of 11279635 and 370.
185
Calculate the highest common divisor of 285825 and 521700.
2775
Calculate the greatest common factor of 8502382 and 14140.
1414
Calculate the highest common factor of 212283 and 15759.
927
What is the highest common divisor of 1761045 and 5115?
165
What is the highest common divisor of 1019957 and 82?
41
What is the highest common factor of 14175 and 731025?
2025
What is the greatest common factor of 78045 and 2361315?
1815
What is the highest common factor of 3216594 and 96?
6
Calculate the greatest common divisor of 334705 and 257677.
917
What is the greatest common divisor of 95416762 and 7?
7
Calculate the highest common factor of 495 and 16110930.
165
Calculate the greatest common factor of 113868784 and 16.
16
What is the highest common factor of 17293028 and 20?
4
What is the highest common factor of 2832 and 856208?
944
What is the highest common divisor of 4033 and 403876719?
4033
Calculate the greatest common divisor of 1203832 and 133126.
518
Calculate the greatest common divisor of 535 and 1091828.
107
What is the highest common divisor of 1918288817 and 997?
997
Calculate the highest common divisor of 175256842 and 267.
89
What is the greatest common factor of 7837290 and 3915?
135
Calculate the greatest common factor of 2979962 and 656.
82
Calculate the greatest common factor of 6190 and 320023.
619
Calculate the highest common divisor of 374050 and 270.
10
What is the highest common divisor of 14442905 and 346?
173
Calculate the greatest common factor of 89954 and 800810.
2194
What is the greatest common factor of 529 and 1361628543?
529
Calculate the highest common factor of 15 and 14212635.
15
Calculate the highest common factor of 45177300 and 140.
140
Calculate the highest common divisor of 251542 and 7060624.
1454
What is the greatest common divisor of 210185649 and 261?
261
Calculate the greatest common factor of 613032 and 143976.
168
What is the greatest common factor of 9605481 and 12?
3
What is the greatest common divisor of 241 and 39407115?
241
Calculate the greatest common divisor of 6498535 and 23.
23
What is the greatest common divisor of 20541780 and 748?
68
What is the greatest common divisor of 193265378 and 190?
38
Calculate the highest common factor of 33575826 and 54.
6
What is the greatest common factor of 706 and 349039693?
353
What is the greatest common factor of 2466403 and 310853?
2269
What is the greatest common factor of 189709300 and 9390?
3130
Calculate the highest common factor of 9518959 and 4982.
53
What is the highest common divisor of 16506 and 31493?
7
Calculate the greatest common divisor of 14620 and 3683509.
731
What is the highest common divisor of 240744240 and 25425?
5085
What